{"id":533,"date":"2026-02-04T11:25:30","date_gmt":"2026-02-04T11:25:30","guid":{"rendered":"https:\/\/spinsamurai.team\/?page_id=485"},"modified":"2026-03-14T14:02:59","modified_gmt":"2026-03-14T14:02:59","slug":"aviator","status":"publish","type":"page","link":"https:\/\/spinsamurai.team\/canada\/aviator\/","title":{"rendered":"Aviator"},"content":{"rendered":"","protected":false},"excerpt":{"rendered":"","protected":false},"author":1,"featured_media":0,"parent":0,"menu_order":0,"comment_status":"closed","ping_status":"closed","template":"","meta":{"footnotes":""},"class_list":["post-533","page","type-page","status-publish","hentry"],"yoast_head":"<!-- This site is optimized with the Yoast SEO plugin v26.5 - https:\/\/yoast.com\/wordpress\/plugins\/seo\/ -->\n<title>Jouez \u00e0 Aviator sur Spin Samurai \u1409 Gagnez jusqu&#039;\u00e0 10 000x!<\/title>\n<meta name=\"description\" content=\"Plongez dans l&#039;univers des aventures palpitantes avec Spinsamurai Aviator! Vivez des mont\u00e9es d&#039;adr\u00e9naline, misez et remportez jusqu&#039;\u00e0 10 000 fois votre mise! Saisissez votre chance et attrapez la chance par la queue.\" \/>\n<meta name=\"robots\" content=\"index, follow, max-snippet:-1, max-image-preview:large, max-video-preview:-1\" \/>\n<meta property=\"og:locale\" content=\"fr_CA\" \/>\n<meta property=\"og:type\" content=\"article\" \/>\n<meta property=\"og:title\" content=\"Jouez \u00e0 Aviator sur Spin Samurai \u1409 Gagnez jusqu&#039;\u00e0 10 000x!\" \/>\n<meta property=\"og:description\" content=\"Plongez dans l&#039;univers des aventures palpitantes avec Spinsamurai Aviator! Vivez des mont\u00e9es d&#039;adr\u00e9naline, misez et remportez jusqu&#039;\u00e0 10 000 fois votre mise! Saisissez votre chance et attrapez la chance par la queue.\" \/>\n<meta property=\"og:url\" content=\"https:\/\/spinsamurai.team\/canada\/aviator\/\" \/>\n<meta property=\"og:site_name\" content=\"Spinsamurai Team ca\" \/>\n<meta property=\"article:modified_time\" content=\"2026-03-14T14:02:59+00:00\" \/>\n<meta name=\"twitter:card\" content=\"summary_large_image\" \/>\n<script type=\"application\/ld+json\" class=\"yoast-schema-graph\">{\"@context\":\"https:\/\/schema.org\",\"@graph\":[{\"@type\":\"WebPage\",\"@id\":\"https:\/\/spinsamurai.team\/canada\/aviator\/\",\"url\":\"https:\/\/spinsamurai.team\/canada\/aviator\/\",\"name\":\"Jouez \u00e0 Aviator sur Spin Samurai \u1409 Gagnez jusqu'\u00e0 10 000x!\",\"isPartOf\":{\"@id\":\"https:\/\/spinsamurai.team\/canada\/#website\"},\"datePublished\":\"2026-02-04T11:25:30+00:00\",\"dateModified\":\"2026-03-14T14:02:59+00:00\",\"description\":\"Plongez dans l'univers des aventures palpitantes avec Spinsamurai Aviator! Vivez des mont\u00e9es d'adr\u00e9naline, misez et remportez jusqu'\u00e0 10 000 fois votre mise! Saisissez votre chance et attrapez la chance par la queue.\",\"breadcrumb\":{\"@id\":\"https:\/\/spinsamurai.team\/canada\/aviator\/#breadcrumb\"},\"inLanguage\":\"fr-CA\",\"potentialAction\":[{\"@type\":\"ReadAction\",\"target\":[\"https:\/\/spinsamurai.team\/canada\/aviator\/\"]}]},{\"@type\":\"BreadcrumbList\",\"@id\":\"https:\/\/spinsamurai.team\/canada\/aviator\/#breadcrumb\",\"itemListElement\":[{\"@type\":\"ListItem\",\"position\":1,\"name\":\"Home\",\"item\":\"https:\/\/spinsamurai.team\/canada\/\"},{\"@type\":\"ListItem\",\"position\":2,\"name\":\"Aviator\"}]},{\"@type\":\"WebSite\",\"@id\":\"https:\/\/spinsamurai.team\/canada\/#website\",\"url\":\"https:\/\/spinsamurai.team\/canada\/\",\"name\":\"Spinsamurai Team ca\",\"description\":\"My WordPress Blog\",\"potentialAction\":[{\"@type\":\"SearchAction\",\"target\":{\"@type\":\"EntryPoint\",\"urlTemplate\":\"https:\/\/spinsamurai.team\/canada\/?s={search_term_string}\"},\"query-input\":{\"@type\":\"PropertyValueSpecification\",\"valueRequired\":true,\"valueName\":\"search_term_string\"}}],\"inLanguage\":\"fr-CA\"}]}<\/script>\n<!-- \/ Yoast SEO plugin. -->","yoast_head_json":{"title":"Jouez \u00e0 Aviator sur Spin Samurai \u1409 Gagnez jusqu'\u00e0 10 000x!","description":"Plongez dans l'univers des aventures palpitantes avec Spinsamurai Aviator! Vivez des mont\u00e9es d'adr\u00e9naline, misez et remportez jusqu'\u00e0 10 000 fois votre mise! Saisissez votre chance et attrapez la chance par la queue.","robots":{"index":"index","follow":"follow","max-snippet":"max-snippet:-1","max-image-preview":"max-image-preview:large","max-video-preview":"max-video-preview:-1"},"og_locale":"fr_CA","og_type":"article","og_title":"Jouez \u00e0 Aviator sur Spin Samurai \u1409 Gagnez jusqu'\u00e0 10 000x!","og_description":"Plongez dans l'univers des aventures palpitantes avec Spinsamurai Aviator! Vivez des mont\u00e9es d'adr\u00e9naline, misez et remportez jusqu'\u00e0 10 000 fois votre mise! Saisissez votre chance et attrapez la chance par la queue.","og_url":"https:\/\/spinsamurai.team\/canada\/aviator\/","og_site_name":"Spinsamurai Team ca","article_modified_time":"2026-03-14T14:02:59+00:00","twitter_card":"summary_large_image","schema":{"@context":"https:\/\/schema.org","@graph":[{"@type":"WebPage","@id":"https:\/\/spinsamurai.team\/canada\/aviator\/","url":"https:\/\/spinsamurai.team\/canada\/aviator\/","name":"Jouez \u00e0 Aviator sur Spin Samurai \u1409 Gagnez jusqu'\u00e0 10 000x!","isPartOf":{"@id":"https:\/\/spinsamurai.team\/canada\/#website"},"datePublished":"2026-02-04T11:25:30+00:00","dateModified":"2026-03-14T14:02:59+00:00","description":"Plongez dans l'univers des aventures palpitantes avec Spinsamurai Aviator! Vivez des mont\u00e9es d'adr\u00e9naline, misez et remportez jusqu'\u00e0 10 000 fois votre mise! Saisissez votre chance et attrapez la chance par la queue.","breadcrumb":{"@id":"https:\/\/spinsamurai.team\/canada\/aviator\/#breadcrumb"},"inLanguage":"fr-CA","potentialAction":[{"@type":"ReadAction","target":["https:\/\/spinsamurai.team\/canada\/aviator\/"]}]},{"@type":"BreadcrumbList","@id":"https:\/\/spinsamurai.team\/canada\/aviator\/#breadcrumb","itemListElement":[{"@type":"ListItem","position":1,"name":"Home","item":"https:\/\/spinsamurai.team\/canada\/"},{"@type":"ListItem","position":2,"name":"Aviator"}]},{"@type":"WebSite","@id":"https:\/\/spinsamurai.team\/canada\/#website","url":"https:\/\/spinsamurai.team\/canada\/","name":"Spinsamurai Team ca","description":"My WordPress Blog","potentialAction":[{"@type":"SearchAction","target":{"@type":"EntryPoint","urlTemplate":"https:\/\/spinsamurai.team\/canada\/?s={search_term_string}"},"query-input":{"@type":"PropertyValueSpecification","valueRequired":true,"valueName":"search_term_string"}}],"inLanguage":"fr-CA"}]}},"_links":{"self":[{"href":"https:\/\/spinsamurai.team\/canada\/wp-json\/wp\/v2\/pages\/533","targetHints":{"allow":["GET"]}}],"collection":[{"href":"https:\/\/spinsamurai.team\/canada\/wp-json\/wp\/v2\/pages"}],"about":[{"href":"https:\/\/spinsamurai.team\/canada\/wp-json\/wp\/v2\/types\/page"}],"author":[{"embeddable":true,"href":"https:\/\/spinsamurai.team\/canada\/wp-json\/wp\/v2\/users\/1"}],"replies":[{"embeddable":true,"href":"https:\/\/spinsamurai.team\/canada\/wp-json\/wp\/v2\/comments?post=533"}],"version-history":[{"count":1,"href":"https:\/\/spinsamurai.team\/canada\/wp-json\/wp\/v2\/pages\/533\/revisions"}],"predecessor-version":[{"id":583,"href":"https:\/\/spinsamurai.team\/canada\/wp-json\/wp\/v2\/pages\/533\/revisions\/583"}],"wp:attachment":[{"href":"https:\/\/spinsamurai.team\/canada\/wp-json\/wp\/v2\/media?parent=533"}],"curies":[{"name":"wp","href":"https:\/\/api.w.org\/{rel}","templated":true}]}}